en k is divided by f?
25
Let v = -56 - -97. Suppose -4*u + 5*i = -19, 0 = -2*u - 4*i + 2*i + 32. What is the remainder when v is divided by u?
8
Suppose 0*v - v + 28 = -4*d, -104 = -5*v + 2*d. What is the remainder when 37 is divided by v?
17
Let v(j) = -j**2 - 7*j + 16. Calculate the remainder when 78 is divided by v(-7).
14
Suppose 2*h = -3 - 1. What is the remainder when (3 + (-51)/6)*h is divided by 6?
5
Suppose 12 = 2*h - 12. Calculate the remainder when 95 is divided by h.
11
Suppose 14 = -3*j + 5*j. Let f = 8 - 11. Let k(m) = -m**2 - 3*m + 3. Calculate the remainder when j is divided by k(f).
1
Let m(s) = -s**3 + 9*s**2 + 11*s + 13. Calculate the remainder when m(10) is divided by 13.
10
Let i(o) = -o**2 + 7*o - 1. Suppose -4 = -5*f - 19. Let j = 9 + f. What is the remainder when 7 is divided by i(j)?
2
Let s = -2 - -6. Let o = s - -3. Suppose m = -2 + o. What is the remainder when m is divided by 3?
2
Calculate the remainder when 8 is divided by ((-6)/(-4))/((-25)/(-50)).
2
Suppose -2*i + 5*t - 5 = i, 5*i + t - 1 = 0. Suppose i = 5*d - 2*v - 208, -3*d - d + 2*v + 168 = 0. What is the remainder when d is divided by 14?
12
Suppose -3*u + u + 10 = 0. What is the remainder when 17 is divided by u?
2
Suppose -4*n - 3*j + 82 = 0, 7 = 3*n - 4*j - 42. What is the remainder when n is divided by 7?
5
Let i(w) = 2*w**2 - 5*w + 3. Calculate the remainder when i(-4) is divided by 14.
13
Suppose 2*f = 2*m - 8, 4*m + 0*m - 1 = f. Let b = f + 10. Calculate the remainder when 12 is divided by b.
2
Suppose 0 = d + 2*c - 4*c - 8, -3*c - 12 = 0. Calculate the remainder when 136/6 - (-2)/6 is divided by (4 - d)*4/2.
7
Suppose -2*f - f - 2*b = -338, 3*f - b = 353. Calculate the remainder when f is divided by 39.
38
Suppose 3*w = 4*q + 8 - 1, -9 = 3*w. Let r(v) = v**2 + v + 5. Suppose 4*y + 3*l = 140, 2*y + 2*y = l + 124. What is the remainder when y is divided by r(q)?
15
Let k = -62 + 67. What is the remainder when 62 is divided by k?
2
Let z = 16 + -10. Let r(p) = -p + 6. Let d be r(z). Suppose -4*q = -t + 4, 2*t + d*t - 20 = 2*q. Calculate the remainder when 34 is divided by t.
10
Let t = -1 + 18. Suppose -5*o + 12 = -18. Calculate the remainder when t is divided by o.
5
Let s(a) be the first derivative of -a**4/4 + a**2/2 + 2*a + 1. Let f(q) = q**3 - 4*q**2 - 2. Let r be f(4). Calculate the remainder when 15 is divided by s(r).
7
Let i(g) = -g**3 + 3*g - 6. What is the remainder when 183 is divided by i(-4)?
45
Suppose -3*m = -2*a + 17, 4*a + 23 = 2*a - 5*m. Suppose 3*u - 11 - a = 0. Calculate the remainder when 20 is divided by ((-22)/(-4))/(2/u).
9
Let n(i) = i - 2. Suppose -4*a - 5 = s, s = -2*s - 3*a - 6. Let x = 4 + s. What is the remainder when x is divided by n(4)?
1
Let w(n) = -11*n - 1. Let j(v) = -v**3 - 5*v**2 + 6*v - 1. Let g be j(-6). Let c be ((-2 - -5) + g)/(-1). Calculate the remainder when w(c) is divided by 11.
10
Let w be ((-172)/6)/((-1)/3). Suppose c + 3*l - 38 = 0, 4*c - 21 = -3*l + w. What is the remainder when c is divided by 8?
7
Let a(f) = f - 7. Let q be a(6). Suppose 27 + 50 = 7*l. Calculate the remainder when q - (-23 + 2 + -1) is divided by l.
10
Let d(u) = -18*u - 1. Let s(p) = 3*p - 4. Let a be s(3). Let x(v) = 37*v + 2. Let i(q) = a*d(q) + 3*x(q). What is the remainder when i(2) is divided by 15?
13
Suppose k - 32 = -4*z, -5*z + 37 = 5*k - 4*k. Let x(q) = 9*q - 7. Calculate the remainder when x(6) is divided by k.
11
Suppose 2 = t - 3. Suppose 10 = j - 3*i, -t*i + 16 = -0*j + 3*j. Suppose 2*z - 24 = -0*z. Calculate the remainder when z is divided by j.
5
Let h be 2*(-3)/6*-1. Let k be 0 + -3 + -3*h. Let l = 59 - k. What is the remainder when l is divided by 22?
21
Let d(f) = -f**3 - 10*f**2 + 10*f - 5. What is the remainder when (-5)/(-4)*(-2 - -10) is divided by d(-11)?
4
Suppose c = -c. Suppose c = 3*i - i - 28. Suppose -g = g - i. Calculate the remainder when 19 is divided by g.
5
Suppose -2*y - 3*l + 20 = 0, 4*y = 4*l + 14 + 6. Suppose 3*i + 108 = y*i. Calculate the remainder when i is divided by 15.
12
Calculate the remainder when 41 is divided by 240/9 + -1 - (-7)/21.
15
Suppose -2*s = -6*s + 28. What is the remainder when (2/(-4))/((-17)/374) is divided by s?
4
Suppose 6*x - 51 = 3*x. Calculate the remainder when x is divided by 9.
8
Let q = -84 - -92. Calculate the remainder when q is divided by 2.
0
Let x(d) = -3*d - 8. Let u be x(-7). Let h = 22 - u. What is the remainder when 25 is divided by h?
7
Let y = -79 + 93. What is the remainder when 94 is divided by y?
10
Suppose -5*a + 22 = 2. What is the remainder when 11 is divided by a?
3
Let u(i) = 15*i - 4*i + 0 - 1. Calculate the remainder when 29 is divided by u(1).
9
Let j = 0 + 53. What is the remainder when j is divided by 14?
11
Suppose 5*z = 9*z - 20. Let n = -16 + 31. Suppose -z = -4*i + n. What is the remainder when 13 is divided by i?
3
Suppose -4*n - 34 = -110. Suppose 0 = 5*b - 3*i - 4, -b - 3*i + 5 = -3. Suppose 0*a - b*a = -14. What is the remainder when n is divided by a?
5
Suppose -2*h + 21 = -21. Calculate the remainder when 102 is divided by h.
18
Let h = 103 + -62. Suppose 4*u - 14 - 42 = 0. What is the remainder when h is divided by u?
13
Let i(g) = 4*g**2 - g - 3. What is the remainder when i(5) is divided by 31?
30
Suppose -2*m + 20 = 2*v, 10 = 2*v + 5*m - 16. Let a = -16 - -23. Let r(c) = c**3 - 7*c**2 + 4*c - 5. What is the remainder when r(a) is divided by v?
7
Suppose p - 50 = -0*p - 5*r, -12 = -4*r. Suppose t + 17 = 3*a, 5*a - 3*t + 17 = 52. Let h = 16 - a. What is the remainder when p is divided by h?
11
Suppose -17 - 67 = 4*a. Let u = a - -30. What is the remainder when u is divided by 5?
4
Suppose 0*m - 3*o = -2*m + 15, -2*m + 4*o + 16 = 0. What is the remainder when 34 is divided by m?
4
Let x(p) = 10*p - 49. What is the remainder when x(6) is divided by (18/(-8))/((-3)/8)?
5
Calculate the remainder when 193 is divided by 98/4*10/5.
46
Let z(n) = n**2 + 4*n + 10. Let y be z(-8). Let q = y - 15. What is the remainder when 51 is divided by q?
24
Suppose 2*y - 19 = 3. What is the remainder when 20 is divided by y?
9
Suppose -2*r + 0*r = j + 2, 0 = -5*r + 20. Let w = j - -12. Calculate the remainder when 4 is divided by w.
0
Let g(a) = 6 + 5*a + 0*a - a**2 + 8. Calculate the remainder when 14 is divided by g(6).
6
Let d(w) = -w**3 + 8*w**2 + 1. Let c(j) = -j**2 - 9*j. Let r be c(-8). Let f be d(r). Calculate the remainder when 10 is divided by f/(1/(-2))*-3.
4
Let k(o) = 5*o**2 + 2*o + 2. Calculate the remainder when k(-5) is divided by 30.
27
Let m be (-9 - -2)/(2/2). Calculate the remainder when (-240)/(-14) + m/49 is divided by (-4)/14 - 44/(-7).
5
Let v be -3 + -21 + -1 + 2. Let l = v - -36. Calculate the remainder when 37 is divided by l.
11
Let r = -7 + 5. Let m(w) = -6*w**2 - 7. Let t(d) = -6*d**2 - 8. Let g(f) = -7*m(f) + 6*t(f). Calculate the remainder when g(r) is divided by 9.
7
Suppose -29*x + 87 = -26*x. What is the remainder when x is divided by 16?
13
Let f(s) = s**2 - 2*s - 1. Suppose d = -4*d, d - 36 = -3*y. What is the remainder when f(7) is divided by y?
10
Let t(f) = -f**2 + 14*f - 7. Calculate the remainder when 76 is divided by t(11).
24
Let h be 12/(-4) - 3/(-1). Suppose -p + h*p + 2 = 0. Suppose p*l - 2*k = 11 + 19, k = 2*l - 30. Calculate the remainder when 28 is divided by l.
13
Let j be 22/(-55) + 6/(-10). Let n = 11 - j. Calculate the remainder when 35 is divided by n.
11
Let u(f) = f**3 + 7*f**2 + 8*f - 3. Let n be u(-6). Let a = -10 - n. Suppose -2*b + 3 + 3 = 0. Calculate the remainder when a is divided by b.
2
Let o = -3 + 8. Suppose -q = 2*f - 55, -o*f + 2*q + 139 = 4*q. What is the remainder when f is divided by 8?
5
Let l(u) = -7*u**3 + 1. Let c be l(-2). Suppose 7 = 2*x - c. Calculate the remainder when x is divided by 11.
10
What is the remainder when 6/(-39) - 1245/(-65) is divided by 5?
4
Let r = -13 - -36. Let w = r - -7. Suppose 0 = -4*y + 18 + 26. Calculate the remainder when w is divided by y.
8
Suppose 0 = 2*x + 4*b - 10 - 2, 19 = 5*x - b. Suppose -x*v - 8 = 0, 2 + 5 = 3*f + 4*v. Calculate the remainder when 13 is divided by f.
3
Let w(f) = -f**2 + 19*f + 47. Calculate the remainder when 5 is divided by w(21).
0
Let o = 126 - 79. What is the remainder when o is divided by 8?
7
Let t(h) =